composite number?
True
Is 40638593203 a prime number?
False
Is 5879171929 composite?
False
Is 34260255329 composite?
True
Is 68077289 a composite number?
True
Is 8218537 a composite number?
False
Is 63460980917 prime?
True
Is 8067592249 prime?
True
Is 305547349 a composite number?
False
Is 970795919 a composite number?
False
Is 23788254993 a prime number?
False
Is 111353966443 prime?
False
Is 1764370481 prime?
True
Is 394707953 prime?
False
Is 36155552273 a composite number?
True
Is 1253157518 a composite number?
True
Is 757506889 a composite number?
True
Is 3697304147 a prime number?
True
Is 236565001 a prime number?
True
Is 36225930647 a composite number?
False
Is 917754077 a prime number?
True
Is 290244408263 a prime number?
True
Is 6179544479 composite?
True
Is 92517626249 composite?
True
Is 2881572747 a composite number?
True
Is 1317770767 a prime number?
True
Is 22669812447 a composite number?
True
Is 7619892827 composite?
True
Is 1304599137 prime?
False
Is 1153762913 a prime number?
False
Is 151633939669 composite?
False
Is 680946467 prime?
False
Is 1959640203 prime?
False
Is 42368057 prime?
True
Is 664906579 prime?
False
Is 16433710823 prime?
True
Is 6241691453 composite?
True
Is 5693307061 a prime number?
False
Is 51190611893 composite?
False
Is 2815777933 composite?
True
Is 131297137 composite?
True
Is 1000531907 a composite number?
False
Is 1406982481 a prime number?
False
Is 188052206 a prime number?
False
Is 40445703926 a composite number?
True
Is 3400788763 a prime number?
False
Is 290209399 a composite number?
False
Is 384049399 prime?
False
Is 12644652311 a prime number?
True
Is 980189717 a prime number?
False
Is 4669585486 prime?
False
Is 269825671 a composite number?
False
Is 1374070967 composite?
True
Is 184470647 prime?
True
Is 642587487 a composite number?
True
Is 760447967 prime?
True
Is 122211589345 a composite number?
True
Is 24511977433 composite?
True
Is 1056417217 a prime number?
True
Is 35353930789 a composite number?
True
Is 1018482571 prime?
True
Is 29529039382 prime?
False
Is 3697186043 prime?
False
Is 122965769 prime?
True
Is 1429485643 prime?
False
Is 8528660471 a composite number?
True
Is 559765623 a prime number?
False
Is 2123287333 a composite number?
True
Is 989212621 composite?
False
Is 98140999759 prime?
False
Is 402701909 a composite number?
False
Is 7267596277 a prime number?
False
Is 2155250783 a composite number?
True
Is 17687096359 composite?
False
Is 468674561 prime?
False
Is 6320867669 a composite number?
True
Is 6442861237 a prime number?
False
Is 925764167 a prime number?
False
Is 98222128867 prime?
True
Is 5077623335 a prime number?
False
Is 7271604799 a prime number?
False
Is 10401446911 a composite number?
False
Is 3259114493 prime?
False
Is 651802839 prime?
False
Is 60857867533 a prime number?
True
Is 1682477179 a prime number?
False
Is 75769231079 prime?
True
Is 899259793 a composite number?
True
Is 42479270065 prime?
False
Is 956109499 a composite number?
True
Is 58122334913 a composite number?
True
Is 2581368851 a composite number?
True
Is 20443058809 prime?
False
Is 5940171637 prime?
False
Is 62642769227 prime?
True
Is 965878363 a prime number?
True
Is 6199174601 a composite number?
False
Is 7825042733 a composite number?
False
Is 1711167263 a prime number?
False
Is 534456349 a prime number?
False
Is 108654427829 a composite number?
False
Is 41519243 composite?
False
Is 3171456853 a composite number?
True
Is 806850221 composite?
True
Is 1592963963 a prime number?
False
Is 26747305597 composite?
True
Is 223275961 a prime number?
False
Is 12085731131 a composite number?
False
Is 52016609 a prime number?
False
Is 40480202213 composite?
True
Is 17481943451 composite?
True
Is 13699936157 a composite number?
True
Is 3193392383 composite?
True
Is 5023700093 prime?
True
Is 65571236501 prime?
True
Is 28655049211 a prime number?
True
Is 279389689 prime?
True
Is 7743948383 composite?
False
Is 1011445993 composite?
False
Is 7141633781 a composite number?
False
Is 171322077077 a prime number?
False
Is 10159652353 a composite number?
True
Is 232271448505 composite?
True
Is 71077597 composite?
False
Is 3826199941 composite?
True
Is 791989193 a composite number?
False
Is 398362331 prime?
False
Is 7628886709 prime?
False
Is 566509747 a composite number?
False
Is 20994282989 prime?
True
Is 471840401 composite?
False
Is 4876007231 a composite number?
True
Is 2618471159 prime?
False
Is 131174887 a composite number?
False
Is 1888814959 a prime number?
False
Is 1995074545 a prime number?
False
Is 281142669 composite?
True
Is 10659107941 composite?
True
Is 31006397677 prime?
True
Is 4133697809 a prime number?
False
Is 1181183491 prime?
True
Is 35403008437 prime?
False
Is 225535967 a composite number?
False
Is 1124340071 prime?
True
Is 39071013035 a composite number?
True
Is 3354750127 prime?
False
Is 10067107417 a prime number?
False
Is 4881350999 a prime number?
False
Is 3414734987 a prime number?
True
Is 18090150821 composite?
False
Is 113826754421 a composite number?
True
Is 7712144983 prime?
False
Is 272673989071 a composite number?
True
Is 32612531569 a prime number?
False
Is 1441601827 prime?
True
Is 19869832373 composite?
True
Is 25507299289 composite?
True
Is 684129493 a prime number?
False
Is 930865543 composite?
True
Is 26531591 composite?
False
Is 4839934019 prime?
False
Is 17381211257 a composite number?
True
Is 890514643 a composite number?
False
Is 137494745897 a prime number?
False
Is 85191203 composite?
False
Is 5384035999 prime?
True
Is 38488916447 prime?
True
Is 36747681839 a prime number?
False
Is 1908762853 composite?
False
Is 94064925806 a prime number?
False
Is 66142697 a composite number?
False
Is 17970761 a prime number?
False
Is 1993380673 a composite number?
False
Is 228397933 a composite number?
False
Is 168093737 prime?
False
Is 110005661 a prime number?
False
Is 1775112389 prime?
True
Is 186114859 prime?
False
Is 5325250169 composite?
False
Is 11965680869 a composite number?
False
Is 93025081 composite?
True
Is 156022103 a prime number?
False
Is 8451153761 composite?
True
Is 3850896121 composite?
False
Is 2261275363 a prime number?
True
Is 13431662461 a prime number?
False
Is 27730052263 a prime number?
False
Is 371437585 a prime number?
False
Is 18750027649 prime?
True
Is 2020923439 prime?
True
Is 42518282239 a composite number?
True
Is 1614477113 a prime number?
True
Is 52787550421 a prime number?
True
Is 7918226201 a prime number?
True
Is 56956137619 prime?
True
Is 9160513391 prime?
False
Is 4250440229 prime?
False
Is 588940273 a composite number?
False
Is 6700093657 prime?
False
Is 3237474029 a prime number?
True
Is 1814359601 a composite number?
True
Is 124210957349 a prime number?
True
Is 206595689 a prime number?
True
Is 4243605781 composite?
False
Is 27728088473 prime?
True
Is 33063533611 a composite number?
False
Is 21395535199 prime?
True
Is 2503800395 composite?
True
Is 617151053 a composite number?
False
Is 12622348391 prime?
False
Is 1664403557 a composite number?
False
Is 4243405259 a prime number?
False
Is 7458154622 a prime number?
False
Is 93338503 a prime number?
True
Is 23380601011 a prime number?
True
Is 1154690417 a prime number?
True
Is 102096901 a prime number?
True
Is 1591280057 prime?
True
Is 496717523 prime?
True
Is 2150915107 prime?
False
Is 2816503607 a prime number?
True
Is 97999525474 a composite number?
True
Is 726164765 prime?
False
Is 6040370183 prime?
False
Is 8683315859 prime?
True
Is 4150663037 composite?
False
Is 198041407 prime?
False
Is 11191041623 a composite number?
True
Is 1004746397 a prime number?
True
Is 119891262481 a prime number?
True
Is 217299091747 a composite number?
True
Is 7395197 a prime number?
True
Is 1925486149 a prime number?
True
Is 94506423071 a prime number?
True
Is 296264926073 a prime number?
True
Is 1343113179 a composite number?
True
Is 744639037 prime?
False
Is 392539909 prime?
True
Is 10460315059 a prime number?
True
Is 265764015397 prime?
False
Is 70171363 a prime number?
True
Is 135762298627 composite?
False
Is 1105326589 prime?
False
Is 5378577511 prime?
True
Is 2150228243 a prime number?
True
Is 66637462 composite?
True
Is 195869503589 composite?
False
Is 50580718549 composite?
False
Is 11495935613 a composi